{"id":170,"date":"2024-03-31T19:39:45","date_gmt":"2024-03-31T17:39:45","guid":{"rendered":"https:\/\/trend-setting.fr\/2a2fr6\/?page_id=170"},"modified":"2024-04-18T16:13:04","modified_gmt":"2024-04-18T14:13:04","slug":"a-propos-lovin-around","status":"publish","type":"page","link":"https:\/\/trend-setting.fr\/2a2fr6\/a-propos-lovin-around\/","title":{"rendered":"\u00c0 PROPOS"},"content":{"rendered":"\n[et_pb_section fb_built=\u00a0\u00bb1&Prime; _builder_version=\u00a0\u00bb4.23.1&Prime; _module_preset=\u00a0\u00bbdefault\u00a0\u00bb global_colors_info=\u00a0\u00bb{}\u00a0\u00bb][et_pb_row column_structure=\u00a0\u00bb1_2,1_2&Prime; _builder_version=\u00a0\u00bb4.23.1&Prime; _module_preset=\u00a0\u00bbdefault\u00a0\u00bb global_colors_info=\u00a0\u00bb{}\u00a0\u00bb][et_pb_column type=\u00a0\u00bb1_2&Prime; _builder_version=\u00a0\u00bb4.23.1&Prime; _module_preset=\u00a0\u00bbdefault\u00a0\u00bb global_colors_info=\u00a0\u00bb{}\u00a0\u00bb][et_pb_text _builder_version=\u00a0\u00bb4.23.1&Prime; _module_preset=\u00a0\u00bbdefault\u00a0\u00bb text_font=\u00a0\u00bbTimes New Roman||||||||\u00a0\u00bb text_text_color=\u00a0\u00bb#000000&Prime; text_font_size=\u00a0\u00bb18px\u00a0\u00bb text_orientation=\u00a0\u00bbjustified\u00a0\u00bb global_colors_info=\u00a0\u00bb{}\u00a0\u00bb]<p><em><strong><\/strong><\/em><\/p>\n<p><em><strong><\/strong><\/em><\/p>\n<p><em><strong><\/strong><\/em><\/p>\n<p><em><strong><\/strong><\/em><\/p>\n<p><em><strong>QUI SOMMES-NOUS\u00a0?<\/strong><\/em><\/p>\n<p style=\"text-align: justify\">Lovin\u2019 Around est bien plus qu&rsquo;un simple magazine. C&rsquo;est une exploration passionnante des traditions, des c\u00e9l\u00e9brations et des cultures qui font de notre plan\u00e8te un lieu riche en diversit\u00e9 et en merveilles. Nous sommes une \u00e9quipe d\u00e9di\u00e9e \u00e0 capturer l&rsquo;essence vibrante des festivit\u00e9s culturelles \u00e0 travers le monde et \u00e0 les partager avec nos lecteurs avides de d\u00e9couvertes.<\/p>[\/et_pb_text][\/et_pb_column][et_pb_column type=\u00a0\u00bb1_2&Prime; _builder_version=\u00a0\u00bb4.23.1&Prime; _module_preset=\u00a0\u00bbdefault\u00a0\u00bb global_colors_info=\u00a0\u00bb{}\u00a0\u00bb][et_pb_image src=\u00a0\u00bbhttps:\/\/trend-setting.fr\/2a2fr6\/wp-content\/uploads\/sites\/13\/2024\/03\/Capture-decran-2024-03-31-a-19.12.58-4.png\u00a0\u00bb title_text=\u00a0\u00bbCapture d\u2019\u00e9cran 2024-03-31 \u00e0 19.12.58&Prime; _builder_version=\u00a0\u00bb4.23.1&Prime; _module_preset=\u00a0\u00bbdefault\u00a0\u00bb width=\u00a0\u00bb63%\u00a0\u00bb module_alignment=\u00a0\u00bbcenter\u00a0\u00bb global_colors_info=\u00a0\u00bb{}\u00a0\u00bb][\/et_pb_image][\/et_pb_column][\/et_pb_row][et_pb_row column_structure=\u00a0\u00bb1_3,1_3,1_3&Prime; _builder_version=\u00a0\u00bb4.23.1&Prime; _module_preset=\u00a0\u00bbdefault\u00a0\u00bb global_colors_info=\u00a0\u00bb{}\u00a0\u00bb][et_pb_column type=\u00a0\u00bb1_3&Prime; _builder_version=\u00a0\u00bb4.23.1&Prime; _module_preset=\u00a0\u00bbdefault\u00a0\u00bb global_colors_info=\u00a0\u00bb{}\u00a0\u00bb][et_pb_text _builder_version=\u00a0\u00bb4.23.1&Prime; _module_preset=\u00a0\u00bbdefault\u00a0\u00bb text_font=\u00a0\u00bbTimes New Roman||||||||\u00a0\u00bb text_font_size=\u00a0\u00bb15px\u00a0\u00bb global_colors_info=\u00a0\u00bb{}\u00a0\u00bb]<p><strong>\u00a0 \u00a0 \u00a0 \u00a0 \u00a0 \u00a0 \u00a0 \u00a0 \u00a0 \u00a0 \u00a0 <em>\u00a0 \u00a0VISION <\/em><\/strong><\/p>\n<p style=\"text-align: left\">Notre vision est de c\u00e9l\u00e9brer la diversit\u00e9 culturelle du monde entier en mettant en lumi\u00e8re les f\u00eates, traditions et coutumes uniques de chaque pays. Nous aspirons \u00e0 cr\u00e9er une plateforme inclusive o\u00f9 toutes les voix et toutes les traditions sont repr\u00e9sent\u00e9es \u00e9quitablement et qui favorise la compr\u00e9hension, l&rsquo;appr\u00e9ciation et le respect des diff\u00e9rentes cultures \u00e0 travers le monde. Nous croyons fermement que la diversit\u00e9 est une force et que chaque culture m\u00e9rite d&rsquo;\u00eatre c\u00e9l\u00e9br\u00e9e et respect\u00e9e.<\/p>[\/et_pb_text][\/et_pb_column][et_pb_column type=\u00a0\u00bb1_3&Prime; _builder_version=\u00a0\u00bb4.23.1&Prime; _module_preset=\u00a0\u00bbdefault\u00a0\u00bb global_colors_info=\u00a0\u00bb{}\u00a0\u00bb][et_pb_image src=\u00a0\u00bbhttps:\/\/trend-setting.fr\/2a2fr6\/wp-content\/uploads\/sites\/13\/2024\/03\/Capture-decran-2024-03-31-a-19.27.54.png\u00a0\u00bb title_text=\u00a0\u00bbCapture d\u2019\u00e9cran 2024-03-31 \u00e0 19.27.54&Prime; _builder_version=\u00a0\u00bb4.23.1&Prime; _module_preset=\u00a0\u00bbdefault\u00a0\u00bb width=\u00a0\u00bb100%\u00a0\u00bb border_width_all=\u00a0\u00bb12px\u00a0\u00bb border_color_all=\u00a0\u00bb#115533&Prime; global_colors_info=\u00a0\u00bb{}\u00a0\u00bb][\/et_pb_image][\/et_pb_column][et_pb_column type=\u00a0\u00bb1_3&Prime; _builder_version=\u00a0\u00bb4.23.1&Prime; _module_preset=\u00a0\u00bbdefault\u00a0\u00bb global_colors_info=\u00a0\u00bb{}\u00a0\u00bb][et_pb_text _builder_version=\u00a0\u00bb4.23.1&Prime; _module_preset=\u00a0\u00bbdefault\u00a0\u00bb text_font=\u00a0\u00bbTimes New Roman||||||||\u00a0\u00bb text_font_size=\u00a0\u00bb15px\u00a0\u00bb global_colors_info=\u00a0\u00bb{}\u00a0\u00bb]<p><strong>\u00a0 \u00a0 \u00a0 \u00a0 \u00a0 \u00a0 \u00a0<em> \u00a0 \u00a0 \u00a0 \u00a0MISSION <\/em><\/strong><\/p>\n<p>Avec la cr\u00e9ation du magazine ont \u00e9merg\u00e9s plusieurs missions et objectifs\u00a0; notre mission principale est d&rsquo;approfondir la connaissance et la compr\u00e9hension des cultures diverses, en encourageant le respect et la tol\u00e9rance. Nous souhaitons inspirer nos lecteurs \u00e0 explorer de nouveaux horizons en mettant en avant les festivit\u00e9s uniques de chaque r\u00e9gion pour ainsi stimuler le d\u00e9sir de d\u00e9couvrir et d&rsquo;appr\u00e9cier les merveilles culturelles du monde.<\/p>[\/et_pb_text][\/et_pb_column][\/et_pb_row][et_pb_row _builder_version=\u00a0\u00bb4.23.1&Prime; _module_preset=\u00a0\u00bbdefault\u00a0\u00bb global_colors_info=\u00a0\u00bb{}\u00a0\u00bb][et_pb_column type=\u00a0\u00bb4_4&Prime; _builder_version=\u00a0\u00bb4.23.1&Prime; _module_preset=\u00a0\u00bbdefault\u00a0\u00bb global_colors_info=\u00a0\u00bb{}\u00a0\u00bb][et_pb_text _builder_version=\u00a0\u00bb4.23.1&Prime; _module_preset=\u00a0\u00bbdefault\u00a0\u00bb text_font=\u00a0\u00bbTimes New Roman||||||||\u00a0\u00bb hover_enabled=\u00a0\u00bb0&Prime; global_colors_info=\u00a0\u00bb{}\u00a0\u00bb sticky_enabled=\u00a0\u00bb0&Prime;]<p><strong>\u00a0 \u00a0 \u00a0 \u00a0 \u00a0 \u00a0 \u00a0 \u00a0 \u00a0 \u00a0 \u00a0 \u00a0 \u00a0 \u00a0 \u00a0 \u00a0 \u00a0 \u00a0 \u00a0 \u00a0 \u00a0 \u00a0 \u00a0 \u00a0 \u00a0 \u00a0 \u00a0 \u00a0 \u00a0 \u00a0 \u00a0 \u00a0 \u00a0 \u00a0 \u00a0 \u00a0 \u00a0 \u00a0 \u00a0 \u00a0 \u00a0 \u00a0 \u00a0 \u00a0 \u00a0 \u00a0 \u00a0 \u00a0 \u00a0 \u00a0 \u00a0 \u00a0 \u00a0 <em>VALEURS<\/em><\/strong><\/p>\n<p style=\"text-align: center\">Les valeurs que nous essayons de transmettre aux lecteurs avec ce magazine ne sont pas des moindres, c\u2019est pour cela que nous traitons chaque culture avec le respect et la consid\u00e9ration qu&rsquo;elle m\u00e9rite, en \u00e9vitant les st\u00e9r\u00e9otypes et les pr\u00e9jug\u00e9s.<\/p>\n<p style=\"text-align: center\">Nous valorisons l&rsquo;authenticit\u00e9 et l&rsquo;originalit\u00e9 des traditions culturelles, en mettant l&rsquo;accent sur les exp\u00e9riences r\u00e9elles v\u00e9cues par les communaut\u00e9s locales. Nous encourageons la curiosit\u00e9 intellectuelle et l&rsquo;ouverture d&rsquo;esprit envers les diff\u00e9rentes cultures du monde, garder un point de vue optimiste tout en lisant ce magazine est essentiel.<\/p>[\/et_pb_text][\/et_pb_column][\/et_pb_row][et_pb_row column_structure=\u00a0\u00bb1_3,1_3,1_3&Prime; _builder_version=\u00a0\u00bb4.23.1&Prime; _module_preset=\u00a0\u00bbdefault\u00a0\u00bb global_colors_info=\u00a0\u00bb{}\u00a0\u00bb][et_pb_column type=\u00a0\u00bb1_3&Prime; _builder_version=\u00a0\u00bb4.23.1&Prime; _module_preset=\u00a0\u00bbdefault\u00a0\u00bb global_colors_info=\u00a0\u00bb{}\u00a0\u00bb][et_pb_image src=\u00a0\u00bbhttps:\/\/trend-setting.fr\/2a2fr6\/wp-content\/uploads\/sites\/13\/2024\/03\/62d687e69c5a412d7e04b46c47b31dca.jpg\u00a0\u00bb title_text=\u00a0\u00bb62d687e69c5a412d7e04b46c47b31dca\u00a0\u00bb _builder_version=\u00a0\u00bb4.23.1&Prime; _module_preset=\u00a0\u00bbdefault\u00a0\u00bb width=\u00a0\u00bb92%\u00a0\u00bb global_colors_info=\u00a0\u00bb{}\u00a0\u00bb][\/et_pb_image][\/et_pb_column][et_pb_column type=\u00a0\u00bb1_3&Prime; _builder_version=\u00a0\u00bb4.23.1&Prime; _module_preset=\u00a0\u00bbdefault\u00a0\u00bb global_colors_info=\u00a0\u00bb{}\u00a0\u00bb][et_pb_text _builder_version=\u00a0\u00bb4.23.1&Prime; _module_preset=\u00a0\u00bbdefault\u00a0\u00bb text_font=\u00a0\u00bbTimes New Roman||||||||\u00a0\u00bb text_font_size=\u00a0\u00bb16px\u00a0\u00bb hover_enabled=\u00a0\u00bb0&Prime; global_colors_info=\u00a0\u00bb{}\u00a0\u00bb sticky_enabled=\u00a0\u00bb0&Prime;]<p><strong>\u00a0 \u00a0 \u00a0 \u00a0 \u00a0 \u00a0 \u00a0 <em>COLLABORATIONS<\/em><\/strong><\/p>\n<p style=\"text-align: justify\">Nous croyons au pouvoir de la collaboration et \u00e0 la cr\u00e9ation de partenariats avec des experts culturels, des voyageurs passionn\u00e9s et des artistes locaux pour enrichir notre contenu.\u00a0 \u00a0 \u00a0 \u00a0 \u00a0 \u00a0 \u00a0 \u00a0 \u00a0 \u00a0 \u00a0 \u00a0 \u00a0 \u00a0 \u00a0 \u00a0 \u00a0 \u00a0 \u00a0 \u00a0 \u00a0 \u00a0 \u00a0 \u00a0 \u00a0 Nous nous engageons aussi \u00e0 soutenir les artisans locaux et les industries cr\u00e9atives en mettant en valeur l&rsquo;artisanat traditionnel associ\u00e9 \u00e0 chaque f\u00eate culturelle\u00a0: il est essentiel de pr\u00e9server les savoir-faire ancestraux et en leur donner une visibilit\u00e9 mondiale.<\/p>[\/et_pb_text][\/et_pb_column][et_pb_column type=\u00a0\u00bb1_3&Prime; _builder_version=\u00a0\u00bb4.23.1&Prime; _module_preset=\u00a0\u00bbdefault\u00a0\u00bb global_colors_info=\u00a0\u00bb{}\u00a0\u00bb][et_pb_image src=\u00a0\u00bbhttps:\/\/trend-setting.fr\/2a2fr6\/wp-content\/uploads\/sites\/13\/2024\/03\/5165cb7a56866d151fddd41e714dbca4.jpg\u00a0\u00bb title_text=\u00a0\u00bb5165cb7a56866d151fddd41e714dbca4&Prime; _builder_version=\u00a0\u00bb4.23.1&Prime; _module_preset=\u00a0\u00bbdefault\u00a0\u00bb width=\u00a0\u00bb78%\u00a0\u00bb global_colors_info=\u00a0\u00bb{}\u00a0\u00bb][\/et_pb_image][\/et_pb_column][\/et_pb_row][\/et_pb_section][et_pb_section fb_built=\u00a0\u00bb1&Prime; _builder_version=\u00a0\u00bb4.23.1&Prime; _module_preset=\u00a0\u00bbdefault\u00a0\u00bb global_colors_info=\u00a0\u00bb{}\u00a0\u00bb][\/et_pb_section]\n","protected":false},"excerpt":{"rendered":"<p>QUI SOMMES-NOUS\u00a0? Lovin\u2019 Around est bien plus qu&rsquo;un simple magazine. C&rsquo;est une exploration passionnante des traditions, des c\u00e9l\u00e9brations et des cultures qui font de notre plan\u00e8te un lieu riche en diversit\u00e9 et en merveilles. Nous sommes une \u00e9quipe d\u00e9di\u00e9e \u00e0 capturer l&rsquo;essence vibrante des festivit\u00e9s culturelles \u00e0 travers le monde et \u00e0 les partager avec [&hellip;]<\/p>\n","protected":false},"author":56,"featured_media":196,"parent":0,"menu_order":0,"comment_status":"closed","ping_status":"closed","template":"","meta":{"_et_pb_use_builder":"on","_et_pb_old_content":"","_et_gb_content_width":"","footnotes":""},"yoast_head":"<!-- This site is optimized with the Yoast SEO plugin v22.3 - https:\/\/yoast.com\/wordpress\/plugins\/seo\/ -->\n<title>Exploration passionante des traditions, c\u00e9l\u00e9brations et cultures<\/title>\n<meta name=\"description\" content=\"Qui sommes nous ? Apprenez en davantage sur Lovin&#039;aournd, notre vision, nos valeurs, nos missions et collaborations.\" \/>\n<meta name=\"robots\" content=\"index, follow, max-snippet:-1, max-image-preview:large, max-video-preview:-1\" \/>\n<link rel=\"canonical\" href=\"https:\/\/trend-setting.fr\/2a2fr6\/a-propos-lovin-around\/\" \/>\n<meta property=\"og:locale\" content=\"fr_FR\" \/>\n<meta property=\"og:type\" content=\"article\" \/>\n<meta property=\"og:title\" content=\"Exploration passionante des traditions, c\u00e9l\u00e9brations et cultures\" \/>\n<meta property=\"og:description\" content=\"Qui sommes nous ? Apprenez en davantage sur Lovin&#039;aournd, notre vision, nos valeurs, nos missions et collaborations.\" \/>\n<meta property=\"og:url\" content=\"https:\/\/trend-setting.fr\/2a2fr6\/a-propos-lovin-around\/\" \/>\n<meta property=\"og:site_name\" content=\"Groupe 6 2A2\" \/>\n<meta property=\"article:modified_time\" content=\"2024-04-18T14:13:04+00:00\" \/>\n<meta property=\"og:image\" content=\"https:\/\/trend-setting.fr\/2a2fr6\/wp-content\/uploads\/sites\/13\/2024\/04\/DALL\u00b7E-2024-04-02-15.00.43-Create-a-simplified-image-of-Earth-with-a-single-stylized-arrow-circling-it.-This-design-should-focus-on-minimalistic-aesthetics-featuring-a-clear-b.webp\" \/>\n\t<meta property=\"og:image:width\" content=\"1024\" \/>\n\t<meta property=\"og:image:height\" content=\"1024\" \/>\n\t<meta property=\"og:image:type\" content=\"image\/webp\" \/>\n<meta name=\"twitter:card\" content=\"summary_large_image\" \/>\n<meta name=\"twitter:label1\" content=\"Dur\u00e9e de lecture estim\u00e9e\" \/>\n\t<meta name=\"twitter:data1\" content=\"3 minutes\" \/>\n<script type=\"application\/ld+json\" class=\"yoast-schema-graph\">{\"@context\":\"https:\/\/schema.org\",\"@graph\":[{\"@type\":\"WebPage\",\"@id\":\"https:\/\/trend-setting.fr\/2a2fr6\/a-propos-lovin-around\/\",\"url\":\"https:\/\/trend-setting.fr\/2a2fr6\/a-propos-lovin-around\/\",\"name\":\"Exploration passionante des traditions, c\u00e9l\u00e9brations et cultures\",\"isPartOf\":{\"@id\":\"https:\/\/trend-setting.fr\/2a2fr6\/#website\"},\"primaryImageOfPage\":{\"@id\":\"https:\/\/trend-setting.fr\/2a2fr6\/a-propos-lovin-around\/#primaryimage\"},\"image\":{\"@id\":\"https:\/\/trend-setting.fr\/2a2fr6\/a-propos-lovin-around\/#primaryimage\"},\"thumbnailUrl\":\"https:\/\/trend-setting.fr\/2a2fr6\/wp-content\/uploads\/sites\/13\/2024\/04\/DALL\u00b7E-2024-04-02-15.00.43-Create-a-simplified-image-of-Earth-with-a-single-stylized-arrow-circling-it.-This-design-should-focus-on-minimalistic-aesthetics-featuring-a-clear-b.webp\",\"datePublished\":\"2024-03-31T17:39:45+00:00\",\"dateModified\":\"2024-04-18T14:13:04+00:00\",\"description\":\"Qui sommes nous ? Apprenez en davantage sur Lovin'aournd, notre vision, nos valeurs, nos missions et collaborations.\",\"breadcrumb\":{\"@id\":\"https:\/\/trend-setting.fr\/2a2fr6\/a-propos-lovin-around\/#breadcrumb\"},\"inLanguage\":\"fr-FR\",\"potentialAction\":[{\"@type\":\"ReadAction\",\"target\":[\"https:\/\/trend-setting.fr\/2a2fr6\/a-propos-lovin-around\/\"]}]},{\"@type\":\"ImageObject\",\"inLanguage\":\"fr-FR\",\"@id\":\"https:\/\/trend-setting.fr\/2a2fr6\/a-propos-lovin-around\/#primaryimage\",\"url\":\"https:\/\/trend-setting.fr\/2a2fr6\/wp-content\/uploads\/sites\/13\/2024\/04\/DALL\u00b7E-2024-04-02-15.00.43-Create-a-simplified-image-of-Earth-with-a-single-stylized-arrow-circling-it.-This-design-should-focus-on-minimalistic-aesthetics-featuring-a-clear-b.webp\",\"contentUrl\":\"https:\/\/trend-setting.fr\/2a2fr6\/wp-content\/uploads\/sites\/13\/2024\/04\/DALL\u00b7E-2024-04-02-15.00.43-Create-a-simplified-image-of-Earth-with-a-single-stylized-arrow-circling-it.-This-design-should-focus-on-minimalistic-aesthetics-featuring-a-clear-b.webp\",\"width\":1024,\"height\":1024,\"caption\":\"Logo magazine Lovin'around\"},{\"@type\":\"BreadcrumbList\",\"@id\":\"https:\/\/trend-setting.fr\/2a2fr6\/a-propos-lovin-around\/#breadcrumb\",\"itemListElement\":[{\"@type\":\"ListItem\",\"position\":1,\"name\":\"Accueil\",\"item\":\"https:\/\/trend-setting.fr\/2a2fr6\/\"},{\"@type\":\"ListItem\",\"position\":2,\"name\":\"\u00c0 PROPOS\"}]},{\"@type\":\"WebSite\",\"@id\":\"https:\/\/trend-setting.fr\/2a2fr6\/#website\",\"url\":\"https:\/\/trend-setting.fr\/2a2fr6\/\",\"name\":\"Groupe 6 2A2\",\"description\":\"\",\"potentialAction\":[{\"@type\":\"SearchAction\",\"target\":{\"@type\":\"EntryPoint\",\"urlTemplate\":\"https:\/\/trend-setting.fr\/2a2fr6\/?s={search_term_string}\"},\"query-input\":\"required name=search_term_string\"}],\"inLanguage\":\"fr-FR\"}]}<\/script>\n<!-- \/ Yoast SEO plugin. -->","yoast_head_json":{"title":"Exploration passionante des traditions, c\u00e9l\u00e9brations et cultures","description":"Qui sommes nous ? Apprenez en davantage sur Lovin'aournd, notre vision, nos valeurs, nos missions et collaborations.","robots":{"index":"index","follow":"follow","max-snippet":"max-snippet:-1","max-image-preview":"max-image-preview:large","max-video-preview":"max-video-preview:-1"},"canonical":"https:\/\/trend-setting.fr\/2a2fr6\/a-propos-lovin-around\/","og_locale":"fr_FR","og_type":"article","og_title":"Exploration passionante des traditions, c\u00e9l\u00e9brations et cultures","og_description":"Qui sommes nous ? Apprenez en davantage sur Lovin'aournd, notre vision, nos valeurs, nos missions et collaborations.","og_url":"https:\/\/trend-setting.fr\/2a2fr6\/a-propos-lovin-around\/","og_site_name":"Groupe 6 2A2","article_modified_time":"2024-04-18T14:13:04+00:00","og_image":[{"width":1024,"height":1024,"url":"https:\/\/trend-setting.fr\/2a2fr6\/wp-content\/uploads\/sites\/13\/2024\/04\/DALL\u00b7E-2024-04-02-15.00.43-Create-a-simplified-image-of-Earth-with-a-single-stylized-arrow-circling-it.-This-design-should-focus-on-minimalistic-aesthetics-featuring-a-clear-b.webp","type":"image\/webp"}],"twitter_card":"summary_large_image","twitter_misc":{"Dur\u00e9e de lecture estim\u00e9e":"3 minutes"},"schema":{"@context":"https:\/\/schema.org","@graph":[{"@type":"WebPage","@id":"https:\/\/trend-setting.fr\/2a2fr6\/a-propos-lovin-around\/","url":"https:\/\/trend-setting.fr\/2a2fr6\/a-propos-lovin-around\/","name":"Exploration passionante des traditions, c\u00e9l\u00e9brations et cultures","isPartOf":{"@id":"https:\/\/trend-setting.fr\/2a2fr6\/#website"},"primaryImageOfPage":{"@id":"https:\/\/trend-setting.fr\/2a2fr6\/a-propos-lovin-around\/#primaryimage"},"image":{"@id":"https:\/\/trend-setting.fr\/2a2fr6\/a-propos-lovin-around\/#primaryimage"},"thumbnailUrl":"https:\/\/trend-setting.fr\/2a2fr6\/wp-content\/uploads\/sites\/13\/2024\/04\/DALL\u00b7E-2024-04-02-15.00.43-Create-a-simplified-image-of-Earth-with-a-single-stylized-arrow-circling-it.-This-design-should-focus-on-minimalistic-aesthetics-featuring-a-clear-b.webp","datePublished":"2024-03-31T17:39:45+00:00","dateModified":"2024-04-18T14:13:04+00:00","description":"Qui sommes nous ? Apprenez en davantage sur Lovin'aournd, notre vision, nos valeurs, nos missions et collaborations.","breadcrumb":{"@id":"https:\/\/trend-setting.fr\/2a2fr6\/a-propos-lovin-around\/#breadcrumb"},"inLanguage":"fr-FR","potentialAction":[{"@type":"ReadAction","target":["https:\/\/trend-setting.fr\/2a2fr6\/a-propos-lovin-around\/"]}]},{"@type":"ImageObject","inLanguage":"fr-FR","@id":"https:\/\/trend-setting.fr\/2a2fr6\/a-propos-lovin-around\/#primaryimage","url":"https:\/\/trend-setting.fr\/2a2fr6\/wp-content\/uploads\/sites\/13\/2024\/04\/DALL\u00b7E-2024-04-02-15.00.43-Create-a-simplified-image-of-Earth-with-a-single-stylized-arrow-circling-it.-This-design-should-focus-on-minimalistic-aesthetics-featuring-a-clear-b.webp","contentUrl":"https:\/\/trend-setting.fr\/2a2fr6\/wp-content\/uploads\/sites\/13\/2024\/04\/DALL\u00b7E-2024-04-02-15.00.43-Create-a-simplified-image-of-Earth-with-a-single-stylized-arrow-circling-it.-This-design-should-focus-on-minimalistic-aesthetics-featuring-a-clear-b.webp","width":1024,"height":1024,"caption":"Logo magazine Lovin'around"},{"@type":"BreadcrumbList","@id":"https:\/\/trend-setting.fr\/2a2fr6\/a-propos-lovin-around\/#breadcrumb","itemListElement":[{"@type":"ListItem","position":1,"name":"Accueil","item":"https:\/\/trend-setting.fr\/2a2fr6\/"},{"@type":"ListItem","position":2,"name":"\u00c0 PROPOS"}]},{"@type":"WebSite","@id":"https:\/\/trend-setting.fr\/2a2fr6\/#website","url":"https:\/\/trend-setting.fr\/2a2fr6\/","name":"Groupe 6 2A2","description":"","potentialAction":[{"@type":"SearchAction","target":{"@type":"EntryPoint","urlTemplate":"https:\/\/trend-setting.fr\/2a2fr6\/?s={search_term_string}"},"query-input":"required name=search_term_string"}],"inLanguage":"fr-FR"}]}},"_links":{"self":[{"href":"https:\/\/trend-setting.fr\/2a2fr6\/wp-json\/wp\/v2\/pages\/170"}],"collection":[{"href":"https:\/\/trend-setting.fr\/2a2fr6\/wp-json\/wp\/v2\/pages"}],"about":[{"href":"https:\/\/trend-setting.fr\/2a2fr6\/wp-json\/wp\/v2\/types\/page"}],"author":[{"embeddable":true,"href":"https:\/\/trend-setting.fr\/2a2fr6\/wp-json\/wp\/v2\/users\/56"}],"replies":[{"embeddable":true,"href":"https:\/\/trend-setting.fr\/2a2fr6\/wp-json\/wp\/v2\/comments?post=170"}],"version-history":[{"count":10,"href":"https:\/\/trend-setting.fr\/2a2fr6\/wp-json\/wp\/v2\/pages\/170\/revisions"}],"predecessor-version":[{"id":344,"href":"https:\/\/trend-setting.fr\/2a2fr6\/wp-json\/wp\/v2\/pages\/170\/revisions\/344"}],"wp:featuredmedia":[{"embeddable":true,"href":"https:\/\/trend-setting.fr\/2a2fr6\/wp-json\/wp\/v2\/media\/196"}],"wp:attachment":[{"href":"https:\/\/trend-setting.fr\/2a2fr6\/wp-json\/wp\/v2\/media?parent=170"}],"curies":[{"name":"wp","href":"https:\/\/api.w.org\/{rel}","templated":true}]}}