{"id":278,"date":"2024-04-12T13:37:42","date_gmt":"2024-04-12T11:37:42","guid":{"rendered":"https:\/\/trend-setting.fr\/2a2fr6\/?page_id=278"},"modified":"2024-04-14T12:05:48","modified_gmt":"2024-04-14T10:05:48","slug":"magazine-lovin-around","status":"publish","type":"page","link":"https:\/\/trend-setting.fr\/2a2fr6\/magazine-lovin-around\/","title":{"rendered":"MAGAZINE"},"content":{"rendered":"\n[et_pb_section fb_built=\u00a0\u00bb1&Prime; theme_builder_area=\u00a0\u00bbpost_content\u00a0\u00bb _builder_version=\u00a0\u00bb4.23.1&Prime; _module_preset=\u00a0\u00bbdefault\u00a0\u00bb][et_pb_row _builder_version=\u00a0\u00bb4.23.1&Prime; _module_preset=\u00a0\u00bbdefault\u00a0\u00bb theme_builder_area=\u00a0\u00bbpost_content\u00a0\u00bb][et_pb_column _builder_version=\u00a0\u00bb4.23.1&Prime; _module_preset=\u00a0\u00bbdefault\u00a0\u00bb type=\u00a0\u00bb4_4&Prime; theme_builder_area=\u00a0\u00bbpost_content\u00a0\u00bb][et_pb_text _builder_version=\u00a0\u00bb4.23.1&Prime; _module_preset=\u00a0\u00bbdefault\u00a0\u00bb theme_builder_area=\u00a0\u00bbpost_content\u00a0\u00bb text_font=\u00a0\u00bbTimes New Roman||||||||\u00a0\u00bb text_font_size=\u00a0\u00bb24px\u00a0\u00bb hover_enabled=\u00a0\u00bb0&Prime; sticky_enabled=\u00a0\u00bb0&Prime;]<p style=\"text-align: center\"><em><strong>C\u00e9l\u00e9brations du Monde : Une Exploration des F\u00eates Culturelles les Plus Color\u00e9es<\/strong><\/em><\/p>[\/et_pb_text][\/et_pb_column][\/et_pb_row][et_pb_row _builder_version=\u00a0\u00bb4.23.1&Prime; _module_preset=\u00a0\u00bbdefault\u00a0\u00bb theme_builder_area=\u00a0\u00bbpost_content\u00a0\u00bb][et_pb_column _builder_version=\u00a0\u00bb4.23.1&Prime; _module_preset=\u00a0\u00bbdefault\u00a0\u00bb type=\u00a0\u00bb4_4&Prime; theme_builder_area=\u00a0\u00bbpost_content\u00a0\u00bb][et_pb_text _builder_version=\u00a0\u00bb4.23.1&Prime; _module_preset=\u00a0\u00bbdefault\u00a0\u00bb theme_builder_area=\u00a0\u00bbpost_content\u00a0\u00bb text_font=\u00a0\u00bbTimes New Roman||||||||\u00a0\u00bb text_font_size=\u00a0\u00bb20px\u00a0\u00bb hover_enabled=\u00a0\u00bb0&Prime; sticky_enabled=\u00a0\u00bb0&Prime;]<p style=\"text-align: right\">Dans chaque coin du globe, les cultures s&rsquo;expriment \u00e0 travers des f\u00eates vibrantes et riches en traditions. Plongeons-nous dans un tour du monde festif pour d\u00e9couvrir certaines des c\u00e9l\u00e9brations les plus embl\u00e9matiques et envo\u00fbtantes.<\/p>[\/et_pb_text][\/et_pb_column][\/et_pb_row][et_pb_row _builder_version=\u00a0\u00bb4.23.1&Prime; _module_preset=\u00a0\u00bbdefault\u00a0\u00bb column_structure=\u00a0\u00bb1_2,1_2&Prime; theme_builder_area=\u00a0\u00bbpost_content\u00a0\u00bb][et_pb_column _builder_version=\u00a0\u00bb4.23.1&Prime; _module_preset=\u00a0\u00bbdefault\u00a0\u00bb type=\u00a0\u00bb1_2&Prime; theme_builder_area=\u00a0\u00bbpost_content\u00a0\u00bb][et_pb_image src=\u00a0\u00bbhttps:\/\/trend-setting.fr\/2a2fr6\/wp-content\/uploads\/sites\/13\/2024\/04\/Capture-decran-2024-04-12-a-13.29.36.png\u00a0\u00bb _builder_version=\u00a0\u00bb4.23.1&Prime; _module_preset=\u00a0\u00bbdefault\u00a0\u00bb theme_builder_area=\u00a0\u00bbpost_content\u00a0\u00bb title_text=\u00a0\u00bbCapture d\u2019e\u0301cran 2024-04-12 a\u0300 13.29.36&Prime; width=\u00a0\u00bb82%\u00a0\u00bb hover_enabled=\u00a0\u00bb0&Prime; sticky_enabled=\u00a0\u00bb0&Prime;][\/et_pb_image][\/et_pb_column][et_pb_column _builder_version=\u00a0\u00bb4.23.1&Prime; _module_preset=\u00a0\u00bbdefault\u00a0\u00bb type=\u00a0\u00bb1_2&Prime; theme_builder_area=\u00a0\u00bbpost_content\u00a0\u00bb][et_pb_text _builder_version=\u00a0\u00bb4.23.1&Prime; _module_preset=\u00a0\u00bbdefault\u00a0\u00bb theme_builder_area=\u00a0\u00bbpost_content\u00a0\u00bb text_font=\u00a0\u00bbTimes New Roman||||||||\u00a0\u00bb hover_enabled=\u00a0\u00bb0&Prime; sticky_enabled=\u00a0\u00bb0&Prime;]<p>\u00a0<strong>Festival Diwali<\/strong>&#8211; Inde\u00a0<\/p>\n<p style=\"text-align: justify\">Diwali, \u00e9galement connu sous le nom de Festival des Lumi\u00e8res, est une c\u00e9l\u00e9bration hindoue qui illumine l&rsquo;Inde et les communaut\u00e9s hindoues \u00e0 travers le monde. Cette f\u00eate marque la victoire de la lumi\u00e8re sur l&rsquo;obscurit\u00e9 et du bien sur le mal, avec des rituels de nettoyage, des d\u00e9corations somptueuses et des feux d&rsquo;artifice spectaculaires.<\/p>[\/et_pb_text][\/et_pb_column][\/et_pb_row][et_pb_row _builder_version=\u00a0\u00bb4.23.1&Prime; _module_preset=\u00a0\u00bbdefault\u00a0\u00bb column_structure=\u00a0\u00bb1_2,1_2&Prime; theme_builder_area=\u00a0\u00bbpost_content\u00a0\u00bb][et_pb_column _builder_version=\u00a0\u00bb4.23.1&Prime; _module_preset=\u00a0\u00bbdefault\u00a0\u00bb type=\u00a0\u00bb1_2&Prime; theme_builder_area=\u00a0\u00bbpost_content\u00a0\u00bb][et_pb_text _builder_version=\u00a0\u00bb4.23.1&Prime; _module_preset=\u00a0\u00bbdefault\u00a0\u00bb theme_builder_area=\u00a0\u00bbpost_content\u00a0\u00bb text_font=\u00a0\u00bbTimes New Roman||||||||\u00a0\u00bb hover_enabled=\u00a0\u00bb0&Prime; sticky_enabled=\u00a0\u00bb0&Prime;]<p style=\"text-align: justify\"><strong><\/strong><\/p>\n<p style=\"text-align: justify\"><strong><\/strong><\/p>\n<p style=\"text-align: justify\"><strong><\/strong><\/p>\n<p style=\"text-align: justify\"><strong><\/strong><\/p>\n<p style=\"text-align: justify\"><strong><\/strong><\/p>\n<p style=\"text-align: justify\"><strong><\/strong><\/p>\n<p style=\"text-align: justify\"><strong><\/strong><\/p>\n<p style=\"text-align: justify\"><strong>Carnaval de Rio<\/strong>&#8211; Br\u00e9sil<\/p>\n<p style=\"text-align: justify\">Le Carnaval de Rio est une f\u00eate l\u00e9gendaire qui \u00e9blouit le monde entier. Des milliers de danseurs costum\u00e9s se joignent \u00e0 des d\u00e9fil\u00e9s enivrants tandis que les rythmes de la samba emplissent l&rsquo;air. C&rsquo;est un festin pour les sens et une c\u00e9l\u00e9bration de la vie et de la culture br\u00e9silienne.<\/p>[\/et_pb_text][\/et_pb_column][et_pb_column _builder_version=\u00a0\u00bb4.23.1&Prime; _module_preset=\u00a0\u00bbdefault\u00a0\u00bb type=\u00a0\u00bb1_2&Prime; theme_builder_area=\u00a0\u00bbpost_content\u00a0\u00bb][et_pb_image src=\u00a0\u00bbhttps:\/\/trend-setting.fr\/2a2fr6\/wp-content\/uploads\/sites\/13\/2024\/04\/815186acf4c5304d5e64ebf5caf0d404.jpg\u00a0\u00bb _builder_version=\u00a0\u00bb4.23.1&Prime; _module_preset=\u00a0\u00bbdefault\u00a0\u00bb theme_builder_area=\u00a0\u00bbpost_content\u00a0\u00bb title_text=\u00a0\u00bb815186acf4c5304d5e64ebf5caf0d404&Prime; width=\u00a0\u00bb54%\u00a0\u00bb module_alignment=\u00a0\u00bbcenter\u00a0\u00bb hover_enabled=\u00a0\u00bb0&Prime; sticky_enabled=\u00a0\u00bb0&Prime;][\/et_pb_image][\/et_pb_column][\/et_pb_row][et_pb_row _builder_version=\u00a0\u00bb4.23.1&Prime; _module_preset=\u00a0\u00bbdefault\u00a0\u00bb column_structure=\u00a0\u00bb1_2,1_2&Prime; theme_builder_area=\u00a0\u00bbpost_content\u00a0\u00bb][et_pb_column _builder_version=\u00a0\u00bb4.23.1&Prime; _module_preset=\u00a0\u00bbdefault\u00a0\u00bb type=\u00a0\u00bb1_2&Prime; theme_builder_area=\u00a0\u00bbpost_content\u00a0\u00bb][et_pb_image src=\u00a0\u00bbhttps:\/\/trend-setting.fr\/2a2fr6\/wp-content\/uploads\/sites\/13\/2024\/04\/6b2714470766f246948efea02f1fca5e.jpg\u00a0\u00bb _builder_version=\u00a0\u00bb4.23.1&Prime; _module_preset=\u00a0\u00bbdefault\u00a0\u00bb theme_builder_area=\u00a0\u00bbpost_content\u00a0\u00bb title_text=\u00a0\u00bb6b2714470766f246948efea02f1fca5e\u00a0\u00bb width=\u00a0\u00bb78%\u00a0\u00bb hover_enabled=\u00a0\u00bb0&Prime; sticky_enabled=\u00a0\u00bb0&Prime;][\/et_pb_image][\/et_pb_column][et_pb_column _builder_version=\u00a0\u00bb4.23.1&Prime; _module_preset=\u00a0\u00bbdefault\u00a0\u00bb type=\u00a0\u00bb1_2&Prime; theme_builder_area=\u00a0\u00bbpost_content\u00a0\u00bb][et_pb_text _builder_version=\u00a0\u00bb4.23.1&Prime; _module_preset=\u00a0\u00bbdefault\u00a0\u00bb theme_builder_area=\u00a0\u00bbpost_content\u00a0\u00bb text_font=\u00a0\u00bbTimes New Roman||||||||\u00a0\u00bb hover_enabled=\u00a0\u00bb0&Prime; sticky_enabled=\u00a0\u00bb0&Prime;]<p><strong><\/strong><\/p>\n<p><strong><\/strong><\/p>\n<p><strong><\/strong><\/p>\n<p><strong><\/strong><\/p>\n<p><strong><\/strong><\/p>\n<p><strong>Hanami<\/strong>&#8211; Japon<\/p>\n<p style=\"text-align: justify\">Hanami, litt\u00e9ralement \u00ab\u00a0regarder les fleurs\u00a0\u00bb, est une tradition japonaise s\u00e9culaire qui c\u00e9l\u00e8bre la floraison des cerisiers. Les parcs se remplissent de familles et d&rsquo;amis qui partagent des repas sous les arbres en fleurs, cr\u00e9ant une ambiance de joie et de gratitude pour la beaut\u00e9 \u00e9ph\u00e9m\u00e8re de la nature.<\/p>[\/et_pb_text][\/et_pb_column][\/et_pb_row][et_pb_row _builder_version=\u00a0\u00bb4.23.1&Prime; _module_preset=\u00a0\u00bbdefault\u00a0\u00bb theme_builder_area=\u00a0\u00bbpost_content\u00a0\u00bb][et_pb_column _builder_version=\u00a0\u00bb4.23.1&Prime; _module_preset=\u00a0\u00bbdefault\u00a0\u00bb type=\u00a0\u00bb4_4&Prime; theme_builder_area=\u00a0\u00bbpost_content\u00a0\u00bb][et_pb_text _builder_version=\u00a0\u00bb4.23.1&Prime; _module_preset=\u00a0\u00bbdefault\u00a0\u00bb theme_builder_area=\u00a0\u00bbpost_content\u00a0\u00bb text_font=\u00a0\u00bbTimes New Roman||||||||\u00a0\u00bb text_font_size=\u00a0\u00bb19px\u00a0\u00bb hover_enabled=\u00a0\u00bb0&Prime; sticky_enabled=\u00a0\u00bb0&Prime;]<p style=\"text-align: center\">Rejoignez-nous pour un voyage \u00e0 travers les festivit\u00e9s du monde entier dans notre prochain num\u00e9ro, o\u00f9 nous explorerons davantage ces f\u00eates captivantes et d\u00e9couvrirons de nouvelles traditions \u00e0 c\u00e9l\u00e9brer.<\/p>[\/et_pb_text][\/et_pb_column][\/et_pb_row][\/et_pb_section]\n","protected":false},"excerpt":{"rendered":"<p>C\u00e9l\u00e9brations du Monde : Une Exploration des F\u00eates Culturelles les Plus Color\u00e9esDans chaque coin du globe, les cultures s&rsquo;expriment \u00e0 travers des f\u00eates vibrantes et riches en traditions. Plongeons-nous dans un tour du monde festif pour d\u00e9couvrir certaines des c\u00e9l\u00e9brations les plus embl\u00e9matiques et envo\u00fbtantes.\u00a0Festival Diwali- Inde\u00a0 Diwali, \u00e9galement connu sous le nom de Festival [&hellip;]<\/p>\n","protected":false},"author":56,"featured_media":172,"parent":0,"menu_order":0,"comment_status":"closed","ping_status":"closed","template":"","meta":{"_et_pb_use_builder":"on","_et_pb_old_content":"","_et_gb_content_width":"","footnotes":""},"yoast_head":"<!-- This site is optimized with the Yoast SEO plugin v22.3 - https:\/\/yoast.com\/wordpress\/plugins\/seo\/ -->\n<title>Une exploration des f\u00eates culturelles les plus color\u00e9es<\/title>\n<meta name=\"description\" content=\"Plongez dan un tour du monde festif pour d\u00e9couvrir les c\u00e9l\u00e9brations les plus festives et envo\u00fbtantes!\" \/>\n<meta name=\"robots\" content=\"index, follow, max-snippet:-1, max-image-preview:large, max-video-preview:-1\" \/>\n<link rel=\"canonical\" href=\"https:\/\/trend-setting.fr\/2a2fr6\/magazine-lovin-around\/\" \/>\n<meta property=\"og:locale\" content=\"fr_FR\" \/>\n<meta property=\"og:type\" content=\"article\" \/>\n<meta property=\"og:title\" content=\"Une exploration des f\u00eates culturelles les plus color\u00e9es\" \/>\n<meta property=\"og:description\" content=\"Plongez dan un tour du monde festif pour d\u00e9couvrir les c\u00e9l\u00e9brations les plus festives et envo\u00fbtantes!\" \/>\n<meta property=\"og:url\" content=\"https:\/\/trend-setting.fr\/2a2fr6\/magazine-lovin-around\/\" \/>\n<meta property=\"og:site_name\" content=\"Groupe 6 2A2\" \/>\n<meta property=\"article:modified_time\" content=\"2024-04-14T10:05:48+00:00\" \/>\n<meta property=\"og:image\" content=\"https:\/\/trend-setting.fr\/2a2fr6\/wp-content\/uploads\/sites\/13\/2024\/03\/Capture-decran-2024-03-31-a-19.12.58-4.png\" \/>\n\t<meta property=\"og:image:width\" content=\"752\" \/>\n\t<meta property=\"og:image:height\" content=\"822\" \/>\n\t<meta property=\"og:image:type\" content=\"image\/png\" \/>\n<meta name=\"twitter:card\" content=\"summary_large_image\" \/>\n<meta name=\"twitter:label1\" content=\"Dur\u00e9e de lecture estim\u00e9e\" \/>\n\t<meta name=\"twitter:data1\" content=\"3 minutes\" \/>\n<script type=\"application\/ld+json\" class=\"yoast-schema-graph\">{\"@context\":\"https:\/\/schema.org\",\"@graph\":[{\"@type\":\"WebPage\",\"@id\":\"https:\/\/trend-setting.fr\/2a2fr6\/magazine-lovin-around\/\",\"url\":\"https:\/\/trend-setting.fr\/2a2fr6\/magazine-lovin-around\/\",\"name\":\"Une exploration des f\u00eates culturelles les plus color\u00e9es\",\"isPartOf\":{\"@id\":\"https:\/\/trend-setting.fr\/2a2fr6\/#website\"},\"primaryImageOfPage\":{\"@id\":\"https:\/\/trend-setting.fr\/2a2fr6\/magazine-lovin-around\/#primaryimage\"},\"image\":{\"@id\":\"https:\/\/trend-setting.fr\/2a2fr6\/magazine-lovin-around\/#primaryimage\"},\"thumbnailUrl\":\"https:\/\/trend-setting.fr\/2a2fr6\/wp-content\/uploads\/sites\/13\/2024\/03\/Capture-decran-2024-03-31-a-19.12.58-4.png\",\"datePublished\":\"2024-04-12T11:37:42+00:00\",\"dateModified\":\"2024-04-14T10:05:48+00:00\",\"description\":\"Plongez dan un tour du monde festif pour d\u00e9couvrir les c\u00e9l\u00e9brations les plus festives et envo\u00fbtantes!\",\"breadcrumb\":{\"@id\":\"https:\/\/trend-setting.fr\/2a2fr6\/magazine-lovin-around\/#breadcrumb\"},\"inLanguage\":\"fr-FR\",\"potentialAction\":[{\"@type\":\"ReadAction\",\"target\":[\"https:\/\/trend-setting.fr\/2a2fr6\/magazine-lovin-around\/\"]}]},{\"@type\":\"ImageObject\",\"inLanguage\":\"fr-FR\",\"@id\":\"https:\/\/trend-setting.fr\/2a2fr6\/magazine-lovin-around\/#primaryimage\",\"url\":\"https:\/\/trend-setting.fr\/2a2fr6\/wp-content\/uploads\/sites\/13\/2024\/03\/Capture-decran-2024-03-31-a-19.12.58-4.png\",\"contentUrl\":\"https:\/\/trend-setting.fr\/2a2fr6\/wp-content\/uploads\/sites\/13\/2024\/03\/Capture-decran-2024-03-31-a-19.12.58-4.png\",\"width\":752,\"height\":822,\"caption\":\"Logo magazine Lovin'around\"},{\"@type\":\"BreadcrumbList\",\"@id\":\"https:\/\/trend-setting.fr\/2a2fr6\/magazine-lovin-around\/#breadcrumb\",\"itemListElement\":[{\"@type\":\"ListItem\",\"position\":1,\"name\":\"Accueil\",\"item\":\"https:\/\/trend-setting.fr\/2a2fr6\/\"},{\"@type\":\"ListItem\",\"position\":2,\"name\":\"MAGAZINE\"}]},{\"@type\":\"WebSite\",\"@id\":\"https:\/\/trend-setting.fr\/2a2fr6\/#website\",\"url\":\"https:\/\/trend-setting.fr\/2a2fr6\/\",\"name\":\"Groupe 6 2A2\",\"description\":\"\",\"potentialAction\":[{\"@type\":\"SearchAction\",\"target\":{\"@type\":\"EntryPoint\",\"urlTemplate\":\"https:\/\/trend-setting.fr\/2a2fr6\/?s={search_term_string}\"},\"query-input\":\"required name=search_term_string\"}],\"inLanguage\":\"fr-FR\"}]}<\/script>\n<!-- \/ Yoast SEO plugin. -->","yoast_head_json":{"title":"Une exploration des f\u00eates culturelles les plus color\u00e9es","description":"Plongez dan un tour du monde festif pour d\u00e9couvrir les c\u00e9l\u00e9brations les plus festives et envo\u00fbtantes!","robots":{"index":"index","follow":"follow","max-snippet":"max-snippet:-1","max-image-preview":"max-image-preview:large","max-video-preview":"max-video-preview:-1"},"canonical":"https:\/\/trend-setting.fr\/2a2fr6\/magazine-lovin-around\/","og_locale":"fr_FR","og_type":"article","og_title":"Une exploration des f\u00eates culturelles les plus color\u00e9es","og_description":"Plongez dan un tour du monde festif pour d\u00e9couvrir les c\u00e9l\u00e9brations les plus festives et envo\u00fbtantes!","og_url":"https:\/\/trend-setting.fr\/2a2fr6\/magazine-lovin-around\/","og_site_name":"Groupe 6 2A2","article_modified_time":"2024-04-14T10:05:48+00:00","og_image":[{"width":752,"height":822,"url":"https:\/\/trend-setting.fr\/2a2fr6\/wp-content\/uploads\/sites\/13\/2024\/03\/Capture-decran-2024-03-31-a-19.12.58-4.png","type":"image\/png"}],"twitter_card":"summary_large_image","twitter_misc":{"Dur\u00e9e de lecture estim\u00e9e":"3 minutes"},"schema":{"@context":"https:\/\/schema.org","@graph":[{"@type":"WebPage","@id":"https:\/\/trend-setting.fr\/2a2fr6\/magazine-lovin-around\/","url":"https:\/\/trend-setting.fr\/2a2fr6\/magazine-lovin-around\/","name":"Une exploration des f\u00eates culturelles les plus color\u00e9es","isPartOf":{"@id":"https:\/\/trend-setting.fr\/2a2fr6\/#website"},"primaryImageOfPage":{"@id":"https:\/\/trend-setting.fr\/2a2fr6\/magazine-lovin-around\/#primaryimage"},"image":{"@id":"https:\/\/trend-setting.fr\/2a2fr6\/magazine-lovin-around\/#primaryimage"},"thumbnailUrl":"https:\/\/trend-setting.fr\/2a2fr6\/wp-content\/uploads\/sites\/13\/2024\/03\/Capture-decran-2024-03-31-a-19.12.58-4.png","datePublished":"2024-04-12T11:37:42+00:00","dateModified":"2024-04-14T10:05:48+00:00","description":"Plongez dan un tour du monde festif pour d\u00e9couvrir les c\u00e9l\u00e9brations les plus festives et envo\u00fbtantes!","breadcrumb":{"@id":"https:\/\/trend-setting.fr\/2a2fr6\/magazine-lovin-around\/#breadcrumb"},"inLanguage":"fr-FR","potentialAction":[{"@type":"ReadAction","target":["https:\/\/trend-setting.fr\/2a2fr6\/magazine-lovin-around\/"]}]},{"@type":"ImageObject","inLanguage":"fr-FR","@id":"https:\/\/trend-setting.fr\/2a2fr6\/magazine-lovin-around\/#primaryimage","url":"https:\/\/trend-setting.fr\/2a2fr6\/wp-content\/uploads\/sites\/13\/2024\/03\/Capture-decran-2024-03-31-a-19.12.58-4.png","contentUrl":"https:\/\/trend-setting.fr\/2a2fr6\/wp-content\/uploads\/sites\/13\/2024\/03\/Capture-decran-2024-03-31-a-19.12.58-4.png","width":752,"height":822,"caption":"Logo magazine Lovin'around"},{"@type":"BreadcrumbList","@id":"https:\/\/trend-setting.fr\/2a2fr6\/magazine-lovin-around\/#breadcrumb","itemListElement":[{"@type":"ListItem","position":1,"name":"Accueil","item":"https:\/\/trend-setting.fr\/2a2fr6\/"},{"@type":"ListItem","position":2,"name":"MAGAZINE"}]},{"@type":"WebSite","@id":"https:\/\/trend-setting.fr\/2a2fr6\/#website","url":"https:\/\/trend-setting.fr\/2a2fr6\/","name":"Groupe 6 2A2","description":"","potentialAction":[{"@type":"SearchAction","target":{"@type":"EntryPoint","urlTemplate":"https:\/\/trend-setting.fr\/2a2fr6\/?s={search_term_string}"},"query-input":"required name=search_term_string"}],"inLanguage":"fr-FR"}]}},"_links":{"self":[{"href":"https:\/\/trend-setting.fr\/2a2fr6\/wp-json\/wp\/v2\/pages\/278"}],"collection":[{"href":"https:\/\/trend-setting.fr\/2a2fr6\/wp-json\/wp\/v2\/pages"}],"about":[{"href":"https:\/\/trend-setting.fr\/2a2fr6\/wp-json\/wp\/v2\/types\/page"}],"author":[{"embeddable":true,"href":"https:\/\/trend-setting.fr\/2a2fr6\/wp-json\/wp\/v2\/users\/56"}],"replies":[{"embeddable":true,"href":"https:\/\/trend-setting.fr\/2a2fr6\/wp-json\/wp\/v2\/comments?post=278"}],"version-history":[{"count":3,"href":"https:\/\/trend-setting.fr\/2a2fr6\/wp-json\/wp\/v2\/pages\/278\/revisions"}],"predecessor-version":[{"id":298,"href":"https:\/\/trend-setting.fr\/2a2fr6\/wp-json\/wp\/v2\/pages\/278\/revisions\/298"}],"wp:featuredmedia":[{"embeddable":true,"href":"https:\/\/trend-setting.fr\/2a2fr6\/wp-json\/wp\/v2\/media\/172"}],"wp:attachment":[{"href":"https:\/\/trend-setting.fr\/2a2fr6\/wp-json\/wp\/v2\/media?parent=278"}],"curies":[{"name":"wp","href":"https:\/\/api.w.org\/{rel}","templated":true}]}}